 of j and t.
7
Let y be 2 - 1 - (25 - 4). Let x = -12 - y. Let v be x + -9 - -3*1. What is the highest common factor of 18 and v?
2
Let f(z) = -4*z**3 + 27*z**2 + 4*z - 15. Let q be f(7). Let t be 1946/6 + ((-12)/q)/(-1). Calculate the highest common factor of 36 and t.
36
Suppose 870*l - 857*l - 546 = 0. Let m(z) = 10*z**2 - 4*z + 1. Let s be m(5). Calculate the greatest common factor of s and l.
21
Let g be (6 - -3) + (3 - 5306/(-14)). What is the greatest common factor of g and 51?
17
Suppose -49*w - 228975 = -178*w. Calculate the greatest common factor of w and 25.
25
Let z(p) = -p + 91. Suppose -3*b = -0*b. Let r be z(b). Suppose -5*k = 6*i - 73, 57 = 4*i + 6*k - 11*k. Calculate the highest common divisor of r and i.
13
Suppose 0 = -3*v - 2*p + 24, 4*p - 15 + 67 = 4*v. Let n be 5*2/v - -103*4. What is the greatest common divisor of n and 59?
59
Suppose -11*s + 12 = -7*s. Suppose 4*k - 3*j - 8 = -19, -s*k - 3*j + 18 = 0. Calculate the greatest common factor of k and 5.
1
Suppose -y = 2*y - 525. Suppose 8 = 3*o - t + 7, -3 = o - t. Suppose -z - b + 33 = 0, -o*z - 13*b + 68 = -12*b. What is the highest common divisor of y and z?
35
Suppose -5140 = -5*f + 5*m, -3*f - m - 1448 + 4540 = 0. Calculate the highest common factor of 309 and f.
103
Suppose 4*y = -4*h + 992, y + 57 - 335 = 5*h. Let g = 1485 + -1439. Calculate the highest common divisor of y and g.
23
Let n = -3313 + 3449. What is the greatest common divisor of 221 and n?
17
Suppose 24*t = 30*t - 60. Let m(v) = -5 - 2 + 10 + t*v. Let p be m(3). What is the greatest common divisor of 22 and p?
11
Let k = -3162 + 3258. Calculate the highest common divisor of k and 1584.
48
Suppose -9*t = -13*t + 8. Suppose t*f = -7*f + 333. Let n = f + -34. Calculate the greatest common factor of 1 and n.
1
Suppose 3*n + 93 = 2*j - 385, -5*n + 510 = 2*j. What is the greatest common divisor of 1505 and j?
35
Let u = 27186 + -26901. What is the highest common divisor of 2055 and u?
15
Let z = 2328 + -2317. What is the highest common divisor of z and 15653?
11
Let v(r) = 12*r**2 - 82*r - 1. Let o be v(-6). What is the greatest common factor of 65 and o?
13
Suppose 0 = 9*k + 24358 - 31576. What is the highest common divisor of 6 and k?
2
Let z(n) = -586*n + 3023. Let d be z(5). What is the highest common factor of 1519 and d?
31
Suppose 1325*x = 1319*x + 1002. Calculate the highest common factor of 3 and x.
1
Let q = 622 - 552. What is the greatest common factor of 1855 and q?
35
Suppose 0 = 13*b - 18*b + 1590. Suppose b = 47*o - 1468. Suppose d - w - 605 = -3*d, -2*d - 4*w + 316 = 0. What is the highest common factor of d and o?
38
Suppose -245*q + 198 = -234*q. What is the greatest common factor of q and 7974?
18
Suppose -m - 5*b + 45 = -3*b, 2*m = 2*b + 72. What is the greatest common divisor of 923 and m?
13
Let l be (-2220)/(-35)*(4 - -3). Suppose 2*o - l = -5*w + 336, -2*w - 2*o = -312. Calculate the greatest common factor of w and 24.
12
Suppose -2*b = 20*z - 16*z + 40, 5*b = -5*z - 50. Let i be (3960/(-150))/(3/z). Calculate the greatest common divisor of 11 and i.
11
Suppose 5*r - 5*y = 205, -19*y - 56 = -r - 15*y. Calculate the greatest common divisor of 2076 and r.
12
Suppose -399 + 99 = -4*s. Let w(z) = -3. Let f(h) = -2*h + 2. Let p(y) = -3*f(y) - 2*w(y). Let v be p(5). What is the highest common factor of s and v?
15
Let w be (26 - 27)/((-1)/(-9)). Let l be (-56)/w + 10/(-45). Let c(a) = 2*a - 2. Let z be c(4). Calculate the highest common divisor of z and l.
6
Let b be (-156)/(-8)*(-4)/(-6). Suppose -k - b + 57 = 0. Suppose 3*j + 4*s - 49 = 0, -j + 3*s = -2*s + 9. What is the greatest common factor of k and j?
11
Let g be 1562/426 + 3/9 + 1. What is the greatest common divisor of g and 3715?
5
Suppose 5*a + 46*a = 8211. Calculate the greatest common factor of 105 and a.
7
Let l = -99 + 6. Let y = l + 182. Let u = y + -44. Calculate the greatest common factor of u and 9.
9
Let g(l) = l**3 - 14*l**2 - l - 63. Let i be g(15). Suppose 0 = 5*a + 4*j - i, 0 = -6*a + a - 2*j + 151. Calculate the greatest common factor of 155 and a.
31
Let d = 155769 + -155759. Let k be (0 - -82)/(-2 - -3). Let s = -47 + k. Calculate the highest common divisor of s and d.
5
Let h(s) = -15*s - 28. Let a be h(-8). Let d = a - 84. Suppose 11*b - d*b - 90 = 0. Calculate the greatest common divisor of 60 and b.
30
Let p = -28554 + 28566. What is the greatest common divisor of 3368 and p?
4
Let v = -27 - -13. Let b be (-4)/v - (-1620)/63. Let w = 128 - 63. What is the highest common divisor of b and w?
13
Suppose 4*q + n - 99 = 0, -3*q - n - 3 + 76 = 0. Calculate the highest common divisor of 2132 and q.
26
Let d(w) = 238*w - 3. Let j be d(3). Let l = j - 417. What is the greatest common factor of 14 and l?
14
Suppose -5*n = 4*l - 232, -25*n = -l - 20*n + 58. Calculate the highest common factor of l and 232.
58
Suppose 356 = 5*d - 4*n, -4*d + 4*n + 364 - 80 = 0. Calculate the highest common divisor of 536 and d.
8
Suppose -6*n - 33 = -3*v - 2*n, 4*v - 4*n = 48. Let c be (26/(-5))/(2 + (-33)/v). Suppose -3*u + 1 = -c. Calculate the highest common factor of 99 and u.
9
Let b = 13220 - 11813. What is the greatest common factor of b and 714?
21
Let x = -4124 - -4139. What is the highest common factor of 6 and x?
3
Let w(u) = -30*u**3 - u**2 - 2*u - 1. Let z be w(2). Let a = z + 257. Calculate the greatest common factor of 136 and a.
8
Let p(w) = 34*w - 97. Let x be p(15). Let n = x - 314. What is the highest common factor of n and 165?
33
Let h be -2 - -12 - (343 - 341). Calculate the greatest common factor of h and 346.
2
Let b(l) = -l**3 - 12*l**2 + l + 16. Let a be b(-12). Let g = a + -12. Let d be (-1510)/(-40) - 2/g. What is the highest common factor of 19 and d?
19
Let k = 651 - 544. Let g = k - 42. Calculate the highest common divisor of 5 and g.
5
Suppose 34*y + 7857 = 23157. What is the greatest common divisor of y and 250?
50
Suppose -44*i = -84*i + 440. Let p(f) = f**3 - 2*f**2 - 4*f + 6. Let t be p(4). Calculate the highest common divisor of i and t.
11
Let q = 1268 - 453. Suppose -5*t = 5*m - q, 0 = t - 7*m + 4*m - 151. Let h be (-1)/((-12)/t)*3/2. Calculate the highest common factor of 10 and h.
10
Suppose 9801*f = 9820*f - 2565. What is the highest common divisor of f and 705?
15
Suppose 48 = -3*y + 6*y. Suppose 0*c = -5*c - 5. Let a be (-132)/c*(-52)/(-78). Calculate the highest common divisor of a and y.
8
Let p be (-21)/(-5 - -2) + (-123000)/(-25). Calculate the greatest common factor of 26 and p.
13
Let x be (-14)/4*(-270)/315. Suppose -5*q + 9*f + 70 = 4*f, -x*q + 4*f + 42 = 0. What is the greatest common factor of q and 364?
14
Suppose 0 = 3*i - 586 - 503. Let f = i - 272. What is the highest common factor of 13 and f?
13
Suppose 0 = 3*q - w - 1661, 0 = q + 2*w - 213 - 350. What is the highest common factor of q and 150?
15
Let t be (-4)/(-22) + (-177200)/(-55). What is the greatest common factor of 18 and t?
18
Let s be 6/4*((-215)/(-15) - 0 - -3). Let t = -41 + 93. Calculate the greatest common factor of s and t.
26
Let w(a) = -a - 5. Let j be w(-7). Suppose j*k - x = 8, -8 = -0*k + 2*k - 5*x. Let l = -289112 + 289166. Calculate the greatest common factor of l and k.
6
Let r(f) = 49*f - 96. Let h be r(-3). Let n = -143 - h. Calculate the highest common divisor of n and 16.
4
Suppose 94 = -5*k + 119. Suppose 17*c - 4 = 19*c. Let b be (c - 0 - 2) + 49. What is the greatest common divisor of k and b?
5
Suppose 5*c - 40 = -b, -b = b + 5*c - 70. Let x(d) = -2*d**3 - 428*d**2 - 358*d + 14496. Let h be x(-213). What is the greatest common divisor of b and h?
6
Suppose -177 + 275 = 3*z + 2*p, 0 = 4*z - 5*p - 77. What is the highest common divisor of 686 and z?
14
Let r = 55942 + -35020. What is the highest common factor of 66 and r?
66
Let a(d) = 2*d**3 - 5*d**2 + 13*d - 2. Suppose 18*c + 2*c = 80. Let z be a(c). Let o be 16*(0 + 1) - 2. Calculate the greatest common factor of o and z.
14
Suppose -7550 = -4*o - 2*q, -4*o + 14*q + 7548 = 18*q. What is the greatest common factor of o and 12?
4
Let z(y) = -10*y**3 - y**2 + 8*y - 7. Let d be z(1). Let m(x) = -x**3 - 8*x**2 + 10*x - 9. Let v be m(d). Calculate the greatest common factor of v and 26.
13
Let i = -37933 - -38186. Let v = 39 - 16. What is the highest